{"id":84,"date":"2025-05-05T00:47:52","date_gmt":"2025-05-05T00:47:52","guid":{"rendered":"https:\/\/centromedicoinstitutochilenomaritimo.cl\/?page_id=84"},"modified":"2025-05-29T02:26:01","modified_gmt":"2025-05-29T02:26:01","slug":"quienes-somos","status":"publish","type":"page","link":"https:\/\/centromedicoinstitutochilenomaritimo.cl\/?page_id=84","title":{"rendered":"Quienes Somos"},"content":{"rendered":"\t\t<div data-elementor-type=\"wp-page\" data-elementor-id=\"84\" class=\"elementor elementor-84\" data-elementor-post-type=\"page\">\n\t\t\t\t<div class=\"elementor-element elementor-element-76a5a2c e-flex e-con-boxed e-con e-parent\" data-id=\"76a5a2c\" data-element_type=\"container\" data-e-type=\"container\">\n\t\t\t\t\t<div class=\"e-con-inner\">\n\t\t<div class=\"elementor-element elementor-element-0a6997b e-con-full e-flex e-con e-child\" data-id=\"0a6997b\" data-element_type=\"container\" data-e-type=\"container\">\n\t\t\t\t<div class=\"elementor-element elementor-element-533e644 elementor-widget elementor-widget-heading\" data-id=\"533e644\" data-element_type=\"widget\" data-e-type=\"widget\" data-widget_type=\"heading.default\">\n\t\t\t\t<div class=\"elementor-widget-container\">\n\t\t\t\t\t<h2 class=\"elementor-heading-title elementor-size-default\">Misi\u00f3n<\/h2>\t\t\t\t<\/div>\n\t\t\t\t<\/div>\n\t\t\t\t<div class=\"elementor-element elementor-element-b22c976 elementor-widget elementor-widget-text-editor\" data-id=\"b22c976\" data-element_type=\"widget\" data-e-type=\"widget\" data-widget_type=\"text-editor.default\">\n\t\t\t\t<div class=\"elementor-widget-container\">\n\t\t\t\t\t\t\t\t\t<p style=\"text-align: justify;\">El Centro M\u00e9dico del Instituto Chileno Mar\u00edtimo, tiene como misi\u00f3n proporcionar atenci\u00f3n m\u00e9dica especializada en diferentes \u00e1reas de la medicina, seguridad y salud ocupacional, emergencias m\u00e9dicas y toxicol\u00f3gicas, con un enfoque particular en el \u00e1mbito mar\u00edtimo, subacu\u00e1tico, miner\u00eda, industrias qu\u00edmicas, etc.<\/p><p style=\"text-align: justify;\">Su equipo de profesionales nacionales e internacionales cuenta con m\u00e1s de 20 a\u00f1os de experiencia en estos campos, brindando soluciones personalizadas y de alta calidad a sus pacientes.<\/p><p style=\"text-align: justify;\">Nos comprometemos a ofrecer una atenci\u00f3n enfocada en el bienestar y las necesidades del paciente, apoyando y orientando a su familia; otorgando soluciones innovadoras y \u00e9ticas que aborden los desaf\u00edos m\u00e1s urgentes seg\u00fan su patolog\u00eda.<\/p>\t\t\t\t\t\t\t\t<\/div>\n\t\t\t\t<\/div>\n\t\t\t\t<div class=\"elementor-element elementor-element-299cf5f elementor-widget elementor-widget-heading\" data-id=\"299cf5f\" data-element_type=\"widget\" data-e-type=\"widget\" data-widget_type=\"heading.default\">\n\t\t\t\t<div class=\"elementor-widget-container\">\n\t\t\t\t\t<h2 class=\"elementor-heading-title elementor-size-default\">Visi\u00f3n <\/h2>\t\t\t\t<\/div>\n\t\t\t\t<\/div>\n\t\t\t\t<div class=\"elementor-element elementor-element-4eb9a17 elementor-widget elementor-widget-text-editor\" data-id=\"4eb9a17\" data-element_type=\"widget\" data-e-type=\"widget\" data-widget_type=\"text-editor.default\">\n\t\t\t\t<div class=\"elementor-widget-container\">\n\t\t\t\t\t\t\t\t\t<p style=\"text-align: justify;\"><strong>La visi\u00f3n del Centro M\u00e9dico del Instituto Chileno Mar\u00edtimo se centra en ser l\u00edder a nivel regional y nacional en atenci\u00f3n de alta especialidad; que responda con sentido humanista a las necesidades del paciente y su familia, a trav\u00e9s de la seguridad, anticipaci\u00f3n, innovaci\u00f3n, excelencia y mejora continua con base en su tradici\u00f3n.<\/strong><\/p><p style=\"text-align: justify;\"><strong>Ser un centro m\u00e9dico comprometido con la salud y el bienestar de nuestra comunidad, ofreciendo servicios accesibles y de alta calidad para todos, donde los pacientes se sientan valorados y c\u00f3modos, recibiendo una atenci\u00f3n personalizada y de alta calidad; siendo pionero en la aplicaci\u00f3n de tecnolog\u00edas y pr\u00e1cticas innovadoras para mejorar la atenci\u00f3n a los pacientes, la eficiencia del servicio y en la detecci\u00f3n de enfermedades laborales, logrando con ello brindar una mejor calidad de vida a nuestros trabajadores.<\/strong><\/p><p style=\"text-align: justify;\"><strong>Buscaremos incansablemente brindar una atenci\u00f3n m\u00e9dica de alta calidad, reconocida por su excelencia en resultados y compromiso con la seguridad del paciente.<\/strong><\/p><p>\u00a0<\/p>\t\t\t\t\t\t\t\t<\/div>\n\t\t\t\t<\/div>\n\t\t\t\t<\/div>\n\t\t<div class=\"elementor-element elementor-element-3285aa0 e-con-full e-flex e-con e-child\" data-id=\"3285aa0\" data-element_type=\"container\" data-e-type=\"container\">\n\t\t\t\t<div class=\"elementor-element elementor-element-40dca86 elementor-widget elementor-widget-spacer\" data-id=\"40dca86\" data-element_type=\"widget\" data-e-type=\"widget\" data-widget_type=\"spacer.default\">\n\t\t\t\t<div class=\"elementor-widget-container\">\n\t\t\t\t\t\t\t<div class=\"elementor-spacer\">\n\t\t\t<div class=\"elementor-spacer-inner\"><\/div>\n\t\t<\/div>\n\t\t\t\t\t\t<\/div>\n\t\t\t\t<\/div>\n\t\t\t\t<div class=\"elementor-element elementor-element-1d96a57 elementor-widget elementor-widget-spacer\" data-id=\"1d96a57\" data-element_type=\"widget\" data-e-type=\"widget\" data-widget_type=\"spacer.default\">\n\t\t\t\t<div class=\"elementor-widget-container\">\n\t\t\t\t\t\t\t<div class=\"elementor-spacer\">\n\t\t\t<div class=\"elementor-spacer-inner\"><\/div>\n\t\t<\/div>\n\t\t\t\t\t\t<\/div>\n\t\t\t\t<\/div>\n\t\t\t\t<div class=\"elementor-element elementor-element-6b2a4e4 elementor-widget elementor-widget-image\" data-id=\"6b2a4e4\" data-element_type=\"widget\" data-e-type=\"widget\" data-widget_type=\"image.default\">\n\t\t\t\t<div class=\"elementor-widget-container\">\n\t\t\t\t\t\t\t\t\t\t\t\t\t\t\t<img fetchpriority=\"high\" decoding=\"async\" width=\"801\" height=\"457\" src=\"https:\/\/centromedicoinstitutochilenomaritimo.cl\/wp-content\/uploads\/2025\/04\/WhatsApp-Image-2025-04-30-at-22.34.31.jpeg\" class=\"attachment-large size-large wp-image-49\" alt=\"\" srcset=\"https:\/\/centromedicoinstitutochilenomaritimo.cl\/wp-content\/uploads\/2025\/04\/WhatsApp-Image-2025-04-30-at-22.34.31.jpeg 801w, https:\/\/centromedicoinstitutochilenomaritimo.cl\/wp-content\/uploads\/2025\/04\/WhatsApp-Image-2025-04-30-at-22.34.31-300x171.jpeg 300w, https:\/\/centromedicoinstitutochilenomaritimo.cl\/wp-content\/uploads\/2025\/04\/WhatsApp-Image-2025-04-30-at-22.34.31-768x438.jpeg 768w\" sizes=\"(max-width: 801px) 100vw, 801px\" \/>\t\t\t\t\t\t\t\t\t\t\t\t\t\t\t<\/div>\n\t\t\t\t<\/div>\n\t\t\t\t<\/div>\n\t\t\t\t\t<\/div>\n\t\t\t\t<\/div>\n\t\t<div class=\"elementor-element elementor-element-883e0e9 e-flex e-con-boxed e-con e-parent\" data-id=\"883e0e9\" data-element_type=\"container\" data-e-type=\"container\">\n\t\t\t\t\t<div class=\"e-con-inner\">\n\t\t<div class=\"elementor-element elementor-element-ab9ecc5 e-con-full e-flex e-con e-child\" data-id=\"ab9ecc5\" data-element_type=\"container\" data-e-type=\"container\">\n\t\t\t\t<div class=\"elementor-element elementor-element-9428527 elementor-widget elementor-widget-spacer\" data-id=\"9428527\" data-element_type=\"widget\" data-e-type=\"widget\" data-widget_type=\"spacer.default\">\n\t\t\t\t<div class=\"elementor-widget-container\">\n\t\t\t\t\t\t\t<div class=\"elementor-spacer\">\n\t\t\t<div class=\"elementor-spacer-inner\"><\/div>\n\t\t<\/div>\n\t\t\t\t\t\t<\/div>\n\t\t\t\t<\/div>\n\t\t\t\t<div class=\"elementor-element elementor-element-c593b77 elementor-widget elementor-widget-spacer\" data-id=\"c593b77\" data-element_type=\"widget\" data-e-type=\"widget\" data-widget_type=\"spacer.default\">\n\t\t\t\t<div class=\"elementor-widget-container\">\n\t\t\t\t\t\t\t<div class=\"elementor-spacer\">\n\t\t\t<div class=\"elementor-spacer-inner\"><\/div>\n\t\t<\/div>\n\t\t\t\t\t\t<\/div>\n\t\t\t\t<\/div>\n\t\t\t\t<div class=\"elementor-element elementor-element-b2e57b9 elementor-widget elementor-widget-image\" data-id=\"b2e57b9\" data-element_type=\"widget\" data-e-type=\"widget\" data-widget_type=\"image.default\">\n\t\t\t\t<div class=\"elementor-widget-container\">\n\t\t\t\t\t\t\t\t\t\t\t\t\t\t\t<img decoding=\"async\" width=\"718\" height=\"716\" src=\"https:\/\/centromedicoinstitutochilenomaritimo.cl\/wp-content\/uploads\/2025\/05\/WhatsApp-Image-2025-05-19-at-23.02.31.jpeg\" class=\"attachment-large size-large wp-image-184\" alt=\"\" srcset=\"https:\/\/centromedicoinstitutochilenomaritimo.cl\/wp-content\/uploads\/2025\/05\/WhatsApp-Image-2025-05-19-at-23.02.31.jpeg 718w, https:\/\/centromedicoinstitutochilenomaritimo.cl\/wp-content\/uploads\/2025\/05\/WhatsApp-Image-2025-05-19-at-23.02.31-300x300.jpeg 300w, https:\/\/centromedicoinstitutochilenomaritimo.cl\/wp-content\/uploads\/2025\/05\/WhatsApp-Image-2025-05-19-at-23.02.31-150x150.jpeg 150w\" sizes=\"(max-width: 718px) 100vw, 718px\" \/>\t\t\t\t\t\t\t\t\t\t\t\t\t\t\t<\/div>\n\t\t\t\t<\/div>\n\t\t\t\t<\/div>\n\t\t<div class=\"elementor-element elementor-element-f233a61 e-con-full e-flex e-con e-child\" data-id=\"f233a61\" data-element_type=\"container\" data-e-type=\"container\">\n\t\t\t\t<div class=\"elementor-element elementor-element-fb9a338 elementor-widget elementor-widget-heading\" data-id=\"fb9a338\" data-element_type=\"widget\" data-e-type=\"widget\" data-widget_type=\"heading.default\">\n\t\t\t\t<div class=\"elementor-widget-container\">\n\t\t\t\t\t<h2 class=\"elementor-heading-title elementor-size-default\">Nuestra Historia<\/h2>\t\t\t\t<\/div>\n\t\t\t\t<\/div>\n\t\t\t\t<div class=\"elementor-element elementor-element-bbc165a elementor-widget elementor-widget-text-editor\" data-id=\"bbc165a\" data-element_type=\"widget\" data-e-type=\"widget\" data-widget_type=\"text-editor.default\">\n\t\t\t\t<div class=\"elementor-widget-container\">\n\t\t\t\t\t\t\t\t\t<p data-sourcepos=\"3:1-3:61\"><strong>Un Faro de Salud para la Gente de Mar de la D\u00e9cima Regi\u00f3n<\/strong><\/p>\n<p style=\"text-align: justify;\"><strong>En el coraz\u00f3n de la Regi\u00f3n de Los Lagos, donde la fuerza del oc\u00e9ano Pac\u00edfico moldea vidas y comunidades, nace el Centro M\u00e9dico del Instituto Chileno Mar\u00edtimo como un sue\u00f1o de un grupo de profesionales que buscan poder ayudar, educar, entrenar a sus pacientes, trabajadores, alumnos y la comunidad en general. Nuestra historia se entrelaza con la tradici\u00f3n marinera de esta tierra, la valent\u00eda de quienes surcan sus aguas, la necesidad del cuidado de la salud de los trabajadores y la basta experiencia de nuestro fundador por m\u00e1s de 20 a\u00f1os de experiencia a lo largo del mundo, enfrentando incluso, los escenarios m\u00e1s adversos y precarios para llevar la cruz roja a quienes m\u00e1s lo<\/strong><\/p>\n<p style=\"text-align: justify;\"><strong>Todo esto sumado a la visi\u00f3n de un grupo de profesionales comprometidos con el bienestar de la gente de mar y sus familias, identificamos una necesidad fundamental, un Centro M\u00e9dico que no s\u00f3lo ofreciera una atenci\u00f3n de salud y calidad, sino que tambi\u00e9n entendiera la naturaleza exigente de la vida en las actividades del mar, sus largas jornadas, las condiciones clim\u00e1ticas cambiantes, la distancia del hogar, la ausencia muchas veces por largos per\u00edodos de sus familias, la manipulaci\u00f3n y exposici\u00f3n a agentes f\u00edsicos, qu\u00edmicos, biol\u00f3gicos, mec\u00e1nicos, ergon\u00f3micos, psicosociales, toxicol\u00f3gicos. Por todos estos factores es que nace el Centro M\u00e9dico del Instituto Chileno Mar\u00edtimo para ser un Faro de la Salud para la Gente de Mar y su familia &#8230;<\/strong><\/p>\t\t\t\t\t\t\t\t<\/div>\n\t\t\t\t<\/div>\n\t\t\t\t<\/div>\n\t\t\t\t\t<\/div>\n\t\t\t\t<\/div>\n\t\t\t\t<\/div>\n\t\t","protected":false},"excerpt":{"rendered":"<p>Misi\u00f3n El Centro M\u00e9dico del Instituto Chileno Mar\u00edtimo, tiene como misi\u00f3n proporcionar atenci\u00f3n m\u00e9dica especializada en diferentes \u00e1reas de la [&hellip;]<\/p>\n","protected":false},"author":2,"featured_media":0,"parent":0,"menu_order":0,"comment_status":"closed","ping_status":"closed","template":"","meta":{"site-sidebar-layout":"no-sidebar","site-content-layout":"","ast-site-content-layout":"full-width-container","site-content-style":"default","site-sidebar-style":"default","ast-global-header-display":"","ast-banner-title-visibility":"","ast-main-header-display":"","ast-hfb-above-header-display":"","ast-hfb-below-header-display":"","ast-hfb-mobile-header-display":"","site-post-title":"disabled","ast-breadcrumbs-content":"","ast-featured-img":"disabled","footer-sml-layout":"","ast-disable-related-posts":"","theme-transparent-header-meta":"","adv-header-id-meta":"","stick-header-meta":"","header-above-stick-meta":"","header-main-stick-meta":"","header-below-stick-meta":"","astra-migrate-meta-layouts":"default","ast-page-background-enabled":"default","ast-page-background-meta":{"desktop":{"background-color":"var(--ast-global-color-5)","background-image":"","background-repeat":"repeat","background-position":"center center","background-size":"auto","background-attachment":"scroll","background-type":"","background-media":"","overlay-type":"","overlay-color":"","overlay-opacity":"","overlay-gradient":""},"tablet":{"background-color":"","background-image":"","background-repeat":"repeat","background-position":"center center","background-size":"auto","background-attachment":"scroll","background-type":"","background-media":"","overlay-type":"","overlay-color":"","overlay-opacity":"","overlay-gradient":""},"mobile":{"background-color":"","background-image":"","background-repeat":"repeat","background-position":"center center","background-size":"auto","background-attachment":"scroll","background-type":"","background-media":"","overlay-type":"","overlay-color":"","overlay-opacity":"","overlay-gradient":""}},"ast-content-background-meta":{"desktop":{"background-color":"var(--ast-global-color-4)","background-image":"","background-repeat":"repeat","background-position":"center center","background-size":"auto","background-attachment":"scroll","background-type":"","background-media":"","overlay-type":"","overlay-color":"","overlay-opacity":"","overlay-gradient":""},"tablet":{"background-color":"var(--ast-global-color-4)","background-image":"","background-repeat":"repeat","background-position":"center center","background-size":"auto","background-attachment":"scroll","background-type":"","background-media":"","overlay-type":"","overlay-color":"","overlay-opacity":"","overlay-gradient":""},"mobile":{"background-color":"var(--ast-global-color-4)","background-image":"","background-repeat":"repeat","background-position":"center center","background-size":"auto","background-attachment":"scroll","background-type":"","background-media":"","overlay-type":"","overlay-color":"","overlay-opacity":"","overlay-gradient":""}},"_joinchat":[],"footnotes":""},"class_list":["post-84","page","type-page","status-publish","hentry"],"_links":{"self":[{"href":"https:\/\/centromedicoinstitutochilenomaritimo.cl\/index.php?rest_route=\/wp\/v2\/pages\/84","targetHints":{"allow":["GET"]}}],"collection":[{"href":"https:\/\/centromedicoinstitutochilenomaritimo.cl\/index.php?rest_route=\/wp\/v2\/pages"}],"about":[{"href":"https:\/\/centromedicoinstitutochilenomaritimo.cl\/index.php?rest_route=\/wp\/v2\/types\/page"}],"author":[{"embeddable":true,"href":"https:\/\/centromedicoinstitutochilenomaritimo.cl\/index.php?rest_route=\/wp\/v2\/users\/2"}],"replies":[{"embeddable":true,"href":"https:\/\/centromedicoinstitutochilenomaritimo.cl\/index.php?rest_route=%2Fwp%2Fv2%2Fcomments&post=84"}],"version-history":[{"count":49,"href":"https:\/\/centromedicoinstitutochilenomaritimo.cl\/index.php?rest_route=\/wp\/v2\/pages\/84\/revisions"}],"predecessor-version":[{"id":315,"href":"https:\/\/centromedicoinstitutochilenomaritimo.cl\/index.php?rest_route=\/wp\/v2\/pages\/84\/revisions\/315"}],"wp:attachment":[{"href":"https:\/\/centromedicoinstitutochilenomaritimo.cl\/index.php?rest_route=%2Fwp%2Fv2%2Fmedia&parent=84"}],"curies":[{"name":"wp","href":"https:\/\/api.w.org\/{rel}","templated":true}]}}